).
-11
Let h(c) = -c**3 - c**2 + 3*c + 69. Let b be h(0). Let k = b + -2. Suppose -72 = 5*w - k. Let i(r) = -5*r**2. Calculate i(w).
-5
Suppose 2*g + 626 = 4*j, 4*j = -g + 507 + 104. Let v(o) = j*o + 2 + 2 - 157*o. Give v(3).
-5
Let h(b) be the first derivative of -b**3/3 - 17*b**2/2 - 4*b + 1012. What is h(-10)?
66
Let p(l) = 2*l**3 + 25*l**2 - 17*l - 50. Let y be p(-13). Let u(j) be the third derivative of 7*j**4/12 - j**3/2 - 2*j**2. Give u(y).
25
Let q be 20/90 + 244/36. Let b(k) = -7 - 7 + k**3 + q*k**2 + 26 + 5*k - 8. Give b(-6).
10
Let v = -49 - -5. Let y = v - -43. Let n(t) = -t - 1. Give n(y).
0
Let a(n) = -n**3 - 8*n**2 + 3*n + 3. Let f(x) = -x**3 - 79*x**2 - 3*x - 245. Let p be f(-79). Give a(p).
-21
Let i = 43 - 46. Let u be 1*(-9)/i + 229. Let b(j) = -2*j + j + u - 231. What is b(5)?
-4
Let c(k) = k + 1. Let z(s) = s**2 + 5*s + 6. Let d(n) = -2*c(n) - z(n). Let x = 213 - 219. Calculate d(x).
-2
Let j(o) = -4*o**3 - 40*o**2 - 10*o - 104. Let y be j(-10). Let q(i) = 2*i**3 + 7*i**2 + 3. Give q(y).
-13
Let m = 151 + -148. Let y(f) = 2*f**3 + 12*f**2 + 7 - 27*f**2 - f**m - 2*f + 10*f**2. Determine y(5).
-3
Let p(d) = 2*d**2 - 43*d + 42. Suppose 98 = 682*z - 677*z + 2*b, -5*b = 5*z - 95. Determine p(z).
-18
Suppose -3*f = 6, -2 = 3*x + f - 6. Let a(j) = -j**3 + 9*j**2 + 2*j + 9. Let l(z) = 5*z**3 - 46*z**2 - 11*z - 46. Let v(k) = -31*a(k) - 6*l(k). What is v(x)?
1
Let g be (-84)/(-16) - (-4)/(-16). Let a(z) = -z + g*z**3 - z**3 - 3*z**3 - z**2. Let y(d) = d**3 + 4*d**2 - 5*d. Let m be y(1). Give a(m).
0
Suppose 4*z - 3*h + 12 = -9, 5*h - 7 = 2*z. Let q(v) = 19*v + 26. What is q(z)?
-88
Let n(o) = 13*o**3 + o**2 + 5*o. Let p(y) = -58*y**3 - 5*y**2 - 22*y + 2. Let f(x) = -9*n(x) - 2*p(x). What is f(3)?
-25
Let y(u) = -7*u - 43. Let h(k) = 6*k + 36. Let d(x) = -6*h(x) - 5*y(x). Let m be 6/9 - (-8)/6. Let j be m/(-6)*(14 - -1). Calculate d(j).
4
Let r(x) = x + 4. Let p = -48 - 154. Let d = p + 200. What is r(d)?
2
Let k(a) be the first derivative of 0*a - 43 + 1/2*a**2. Calculate k(7).
7
Let n be 30 + -31 + -233 + -1. Let y = 238 + n. Let i(r) = 4*r - 1. Determine i(y).
11
Let a(m) = m**2 - m + 9. Let s(l) = 2*l**2 + 30*l + 69. Let g(i) = -i**2 - 15*i - 36. Let d(q) = -13*g(q) - 6*s(q). Let o be d(-9). Determine a(o).
9
Let f = -14 - -10. Let x(l) = 7*l - 200. Let i(h) = -51*h + 1469. Let y(c) = 3*i(c) + 22*x(c). Calculate y(f).
3
Let s(y) = 914*y - 2734. Let r be s(3). Let q(g) be the first derivative of 2 + 0*g - 7/2*g**2 - 7/3*g**3 + 1/4*g**4. Calculate q(r).
8
Let n(m) = -m**3 + 9*m**2 - 9*m. Let p(q) = 11*q + 660. Let x be p(0). Let y = -652 + x. Give n(y).
-8
Let b(p) = 1468*p + 4408. Let m be b(-3). Let c(t) = 4*t**2 - t - 5. Let n(v) = -3*v**2 + 4. Let l(x) = -5*c(x) - 6*n(x). Determine l(m).
-11
Let q(v) be the third derivative of v**6/120 + v**5/20 - 11*v**4/24 + v**3/3 - 18*v**2 - 41. Calculate q(-5).
7
Let b(y) = -y**3 - 5*y**2 + 2*y + 4. Let j(h) = h**2 - 46*h + 83. Suppose -6*z + 124 = -140. Let m be j(z). Determine b(m).
-6
Let c(l) be the third derivative of l**4/6 + 3*l**3 - 30*l**2 + 2. What is c(-6)?
-6
Let k(i) = i**2 - 8*i + 6. Let y be k(6). Let n(f) = -98 - f + 52 + 51. Calculate n(y).
11
Let m(t) = 60*t + 904. Let a be m(-15). Let z(c) = 2*c**3 - 6*c**2 + c + 5. Give z(a).
41
Suppose -5*h + 4*h = -2. Let d(y) = -3 - 119*y**h + 3*y - y**3 - y + 116*y**2. Suppose 2 + 0 = s + 2*z, -22 = 4*s - 2*z. Determine d(s).
5
Let l(d) = d + 19. Let i(a) = 4*a - 20. Let q(p) = -i(p) - 3*l(p). What is q(-16)?
75
Let z(f) be the second derivative of -37*f**3/6 - 3*f**2/2 - 2196*f. Calculate z(1).
-40
Let m(x) = 9 - 27 - 15 + 4*x. Let q(s) = -19*s - 714. Let u be q(-38). Let r be m(u). Let g(z) = 22*z. Determine g(r).
-22
Let r(l) = -55*l + 1. Let b(z) = -9*z. Let p be (30 - 6)*(-7)/(-28). Let k(t) = p*b(t) - r(t). Suppose 0 = 3*w - 7*w. What is k(w)?
-1
Let r(w) be the first derivative of -10*w - 1/2*w**2 + 129. Calculate r(0).
-10
Suppose -2*n + 4*n = 0. Let o(f) be the third derivative of -f**2 + 1/120*f**6 + 0*f**5 + 0 + 2*f**3 - 44*f + 1/24*f**4. Calculate o(n).
12
Let u(b) = b**2 + 11 + 18*b**2 + 44*b + 5502*b**3 - 60 - 10991*b**3 + 5488*b**3. Calculate u(21).
-7
Suppose 59*x - 5*x = -x. Let c(t) = -3*t**2 - t - 10. Let q(h) = -h**2. Let v(u) = c(u) - 2*q(u). Determine v(x).
-10
Let c be (-1)/(-3) - 16/(-6). Let j(h) = 1 + 2*h - 26765*h**2 + 0 + 26762*h**2. Calculate j(c).
-20
Let s(l) be the second derivative of l**4/12 - 2*l**3/3 - 7*l**2/2 + 2*l. Let y(f) = -4*f**3 + f**2 - 5*f - 5. Let d be y(-1). Give s(d).
-2
Let l(p) = p - 5. Let h(g) = g**3 + g**2 - 21*g + 41. Let u be h(3). Determine l(u).
9
Let k(g) = 4*g + 5. Let l(t) = 6*t + 8. Let w(r) = 7*k(r) - 5*l(r). Let c = 178 - 367. Let y = c + 185. Give w(y).
3
Let o = 163 + -139. Suppose 0 = -21*k + o*k - 6. Let t(g) = -7 - 9 + 3*g**k + 16 - g. What is t(-3)?
30
Let r(p) = p**2 + 6*p. Suppose -2*s + 38 = -5*s - 2*f, -28 = 4*s - 3*f. Let q = 5 + s. Calculate r(q).
-5
Let r(j) = 12781*j**3 - 25561*j**3 - 2 + 18*j + 12781*j**3 + 10*j**2. What is r(-8)?
-18
Let y(s) = -s**2 - s - 4. Let a(d) = -6*d**2 - 4*d - 1. Suppose 6 = -14*u - 8. Let p be a(u). Give y(p).
-10
Let d be (6 - 6) + -4 - (-2 - 20). Suppose -228 = -20*z - d*z. Let n(f) = f**2 - 5*f + 6. Calculate n(z).
12
Let n(v) = -v**3 + 6*v**2 + 15*v - 56. Let m(x) = x**3 - 6*x**2 - 17*x + 55. Let g(c) = 4*m(c) + 5*n(c). Determine g(7).
-60
Let h(c) be the third derivative of 0 + 1/6*c**3 - 4*c**2 - 1/24*c**4 - 10*c. What is h(2)?
-1
Let v(y) be the second derivative of -2*y**4/3 - y**3/6 - y**2 + 3421*y. Give v(2).
-36
Let b(f) be the first derivative of -1/4*f**4 + 26 + 2/3*f**3 - 1/2*f**2 + 0*f. Let y = 9 + -8. Calculate b(y).
0
Let n be (-249 + -12)/29 + (4 - 4/(-2)). Let y(d) be the first derivative of d**4/4 + 4*d**3/3 + d**2 - 3*d + 1. Give y(n).
0
Let m(i) = -5 - i**2 + 0*i**2 - 2*i + 13 + 9*i. Let q(v) = v**2 - v + 1. Let u be q(1). Let p be 4 + u*(1 - -2). Determine m(p).
8
Let m(b) = b**3 + 11*b**2 - b - 6. Let q(f) = -8*f**2 + 31*f - 2. Let d be q(5). Let n = d + 36. What is m(n)?
5
Let p(g) = 27*g + 12. Suppose l + 24 = d + 21, 5*d = 4*l + 13. Determine p(l).
-42
Suppose 4*s = 2*s - 6. Let l(n) be the second derivative of -2*n**2 + 23*n + 1/6*n**3 + 0. Give l(s).
-7
Let k be -2 - (1 + -2 + -2). Let q be (-116)/20 + k/(-5). Let j(m) = -7*m**2 + 8*m**2 - m + 6*m + 10 - 17. What is j(q)?
-1
Let l(t) = -13*t. Let j(u) = 10*u. Let w be 3*(40/(-15) + 2). Let k(v) = w*l(v) - 3*j(v). Give k(4).
-16
Let i be (-17)/(-7) - 54/126. Let o = 0 - i. Let a(d) be the second derivative of -d**5/20 + d**3/2 + d**2 - 13*d. Give a(o).
4
Let u = 1319 + -1312. Let c(b) = b**2 + 3*b - 53. Calculate c(u).
17
Let j(k) = -k + 1. Suppose -98*i + 90*i + 56 = 0. Let u(o) be the first derivative of -o**4/4 + 2*o**3 + 9*o**2/2 - 6*o - 1. Let p be u(i). Give j(p).
-7
Suppose 67*r + 38 = 116 + 190. Let u(d) = -3*d**2 - d**3 - 2*d**2 + 5*d + 2*d**3. Calculate u(r).
4
Let u(q) be the second derivative of -q**8/672 - q**7/2520 + q**6/720 - 49*q**4/12 + 2*q - 106. Let v(t) be the third derivative of u(t). Calculate v(1).
-10
Let f(a) = -2*a - 28. Let h be f(-16). Suppose x + h*s = 16, -2*s = -x - s + 21. Let y(l) = -5 + 0 - 19*l + x*l. Determine y(0).
-5
Let h(a) = -5*a - 5*a - 9 - 11*a**3 - 16*a**3 - 12*a**2 - 3*a + 25*a**3. Give h(-5).
6
Let t(x) = 18*x + 24*x - 41*x - 8. Suppose 110*h - 59 - 931 = 0. What is t(h)?
1
Let r(a) = 4503*a - 2248*a - 76 - 2231*a. Determine r(3).
-4
Let z(h) = -h - 1. Let n(m) = 11*m + 7. Let k(t) = n(t) + 4*z(t). Suppose -170 = 4*g + 154. Let i = -83 - g. Give k(i).
-11
Suppose 0 = -2*z - 2, -3*b + 5*z + 399 = 8*z. Let u = 140 - b. Let r(k) = 4*k - 24. Let j be r(u). Let d(m) = -m**2 + m. Calculate d(j).
0
Let t(y) = 12*y**2 + 28*y - 26*y - 35 - 19*y - 19 + y**3. Calculate t(-13).
-2
Let x(q) be the second derivative of q**4/12 - q**3/6 - 4*q**2 + 2*q + 5084. Give x(-4).
12
Let f be (166 - -2 - -5) + -2. Let y = -159 + f. Let v(n) = n**3 - 11*n**2 - 11*n - 17. What is v(y)?
-5
Suppose -1387*h = -1410*h - 368. Let k(w) = -w**2 - 14*w + 3. Give k(h).
-29
Let d(c) = -2*c**3 + 35*c**2 - 38*c - 5. Let r(m) = m**3 - 19*m**2 + 25*m + 2. Let i(k) = -3*d(k) - 5*r(k). Give i(11).
5
Suppose 27*z - 34 = 3*a + 31*z, -4*a + 2*